{"id":106580,"date":"2024-04-02T11:32:39","date_gmt":"2024-04-02T14:32:39","guid":{"rendered":"https:\/\/inbs.com.br\/cursos\/?post_type=product&#038;p=106580"},"modified":"2024-04-02T11:35:44","modified_gmt":"2024-04-02T14:35:44","slug":"esg-na-pratica-lucrando-com-proposito-ads3","status":"publish","type":"product","link":"https:\/\/inbs.com.br\/cursos\/produto\/esg-na-pratica-lucrando-com-proposito-ads3\/","title":{"rendered":"ESG na Pr\u00e1tica: Lucrando com Prop\u00f3sito [ads3]"},"content":{"rendered":"<h2><strong>Apresenta\u00e7\u00e3o<\/strong><\/h2>\n<p>ESG tem sido uma importante e necess\u00e1ria resposta das empresas aos desafios da sociedade atual, relacionados em especial \u00e0 integra\u00e7\u00e3o da gera\u00e7\u00e3o de valor econ\u00f4mico aliado \u00e0 preocupa\u00e7\u00e3o com as quest\u00f5es ambientais, sociais e de governan\u00e7a corporativa. A tem\u00e1tica abriu um leque de oportunidades para profissionais que desejam atuar na \u00e1rea. H\u00e1 uma grande e crescente demanda por profissionais devidamente capacitados em quest\u00f5es ESG pelo universo empresarial brasileiro.<\/p>\n<h2><strong>Objetivos<\/strong><\/h2>\n<p>Fornecer conhecimento estrat\u00e9gico e capacitador sobre ESG na pr\u00e1tica, apresentando e ampliando os conhecimentos dos alunos acerca do tema. Desenvolver capacidades estrat\u00e9gicas dando subs\u00eddios s\u00f3lidos \u00e0 atua\u00e7\u00e3o profissional junto a todos tipos de quest\u00f5es ligadas ao conte\u00fado apresentado. Tamb\u00e9m \u00e9 objetivo deste curso proporcionar ao estudante crescimento e sucesso profissional por meio de sua prepara\u00e7\u00e3o e de seu conhecimento t\u00e9cnico.<\/p>\n<h2><strong>Conte\u00fado do curso online<\/strong><\/h2>\n<p>M\u00f3dulo Introdut\u00f3rio: Introdu\u00e7\u00e3o ao ESG.<br \/>\nM\u00f3dulo 1: ESG, hist\u00f3rico e conceitos b\u00e1sicos.<br \/>\nM\u00f3dulo 2: Estrutura coorporativa e ESG.<br \/>\nM\u00f3dulo 3: Gest\u00e3o de riscos corporativos, materialidade e prioriza\u00e7\u00e3o.<br \/>\nM\u00f3dulo 4: Implementa\u00e7\u00e3o de agendas ESG e plano decis\u00f3rio.<br \/>\nM\u00f3dulo 5: Mercado financeiro e ESG.<br \/>\nM\u00f3dulo 6: Processos e m\u00e9todos de relato.<\/p>\n<p><span style=\"font-size: 1.7em; font-weight: bold;\">Metodologia<\/span><\/p>\n<div class=\"elementor-element elementor-element-dbdcf88 elementor-widget elementor-widget-text-editor\" data-id=\"dbdcf88\" data-element_type=\"widget\" data-widget_type=\"text-editor.default\">\n<div class=\"elementor-widget-container\">\n<p>O curso ser\u00e1 ministrado pelo\u00a0Professor Luiz Ot\u00e1vio Goi J\u00fanior, refer\u00eancia nacional na \u00e1rea\u00a0e profissional amplamente atuante no meio corporativo com quest\u00f5es ESG. O curso tem foco em quest\u00f5es pr\u00e1ticas ESG, com aulas 100% em v\u00eddeo. O in\u00edcio \u00e9 imediato s\u00e3o utilizadas as melhores ferramentas e m\u00e9todos de ensino online, aliando tecnologia, atratividade e conte\u00fado de qualidade.<\/p>\n<\/div>\n<\/div>\n<div class=\"elementor-element elementor-element-24c4a24 elementor-widget elementor-widget-heading\" data-id=\"24c4a24\" data-element_type=\"widget\" data-widget_type=\"heading.default\">\n<div class=\"elementor-widget-container\">\n<h2 class=\"elementor-heading-title elementor-size-default\">A quem se destina?<\/h2>\n<\/div>\n<\/div>\n<div class=\"elementor-element elementor-element-b7c34f8 elementor-widget elementor-widget-text-editor\" data-id=\"b7c34f8\" data-element_type=\"widget\" data-widget_type=\"text-editor.default\">\n<div class=\"elementor-widget-container\">\n<p>Por ser uma \u00e1rea transversal e multidisciplinar, o curso \u00e9 indicado a profissionais das mais diversas \u00e1reas de forma\u00e7\u00e3o. N\u00e3o h\u00e1 uma \u00e1rea exclusiva. Administra\u00e7\u00e3o, engenharias, direito, biologia, contabilidade, gest\u00e3o ambiental, economia, finan\u00e7as, comunica\u00e7\u00e3o, etc.<\/p>\n<\/div>\n<\/div>\n<div class=\"elementor-element elementor-element-cced260 elementor-widget elementor-widget-heading\" data-id=\"cced260\" data-element_type=\"widget\" data-widget_type=\"heading.default\">\n<div class=\"elementor-widget-container\">\n<h2 class=\"elementor-heading-title elementor-size-default\">Avalia\u00e7\u00e3o<\/h2>\n<\/div>\n<\/div>\n<div class=\"elementor-element elementor-element-eb2a87f elementor-widget elementor-widget-text-editor\" data-id=\"eb2a87f\" data-element_type=\"widget\" data-widget_type=\"text-editor.default\">\n<div class=\"elementor-widget-container\">\n<p>Ser\u00e1 considerado aprovado o aluno que auferir m\u00e9dia online igual ou superior a 70% (setenta por cento) na avalia\u00e7\u00e3o final do curso. Todos os alunos aprovados receber\u00e3o certifica\u00e7\u00e3o. O certificado \u00e9 confeccionado em alta qualidade, contendo elementos de seguran\u00e7a garantidores de sua autenticidade.<\/p>\n<\/div>\n<\/div>\n","protected":false},"excerpt":{"rendered":"<p><span style=\"color: #008000;\"><b>PIX, cart\u00e3o (parcel\u00e1vel), boleto, TED.<\/b><\/span><br \/>\n<strong>Sem mensalidades. Carga: 24 horas.<br \/>\nCurso 100% em v\u00eddeo.<br \/>\n<\/strong><strong>Com certificado. In\u00edcio imediato.<\/strong><br \/>\n<script src=\"\/\/code-sa1.jivosite.com\/widget\/FPx34Ejbr9\" async><\/script><\/p>\n","protected":false},"featured_media":104399,"template":"","meta":{"_acf_changed":false,"site-sidebar-layout":"default","site-content-layout":"plain-container","ast-site-content-layout":"normal-width-container","site-content-style":"unboxed","site-sidebar-style":"unboxed","ast-global-header-display":"","ast-banner-title-visibility":"","ast-main-header-display":"","ast-hfb-above-header-display":"","ast-hfb-below-header-display":"","ast-hfb-mobile-header-display":"","site-post-title":"","ast-breadcrumbs-content":"","ast-featured-img":"disabled","footer-sml-layout":"","ast-disable-related-posts":"","theme-transparent-header-meta":"default","adv-header-id-meta":"","stick-header-meta":"","header-above-stick-meta":"","header-main-stick-meta":"","header-below-stick-meta":"","astra-migrate-meta-layouts":"set","ast-page-background-enabled":"default","ast-page-background-meta":{"desktop":{"background-color":"","background-image":"","background-repeat":"repeat","background-position":"center center","background-size":"auto","background-attachment":"scroll","background-type":"","background-media":"","overlay-type":"","overlay-color":"","overlay-opacity":"","overlay-gradient":""},"tablet":{"background-color":"","background-image":"","background-repeat":"repeat","background-position":"center center","background-size":"auto","background-attachment":"scroll","background-type":"","background-media":"","overlay-type":"","overlay-color":"","overlay-opacity":"","overlay-gradient":""},"mobile":{"background-color":"","background-image":"","background-repeat":"repeat","background-position":"center center","background-size":"auto","background-attachment":"scroll","background-type":"","background-media":"","overlay-type":"","overlay-color":"","overlay-opacity":"","overlay-gradient":""}},"ast-content-background-meta":{"desktop":{"background-color":"var(--ast-global-color-5)","background-image":"","background-repeat":"repeat","background-position":"center center","background-size":"auto","background-attachment":"scroll","background-type":"","background-media":"","overlay-type":"","overlay-color":"","overlay-opacity":"","overlay-gradient":""},"tablet":{"background-color":"var(--ast-global-color-5)","background-image":"","background-repeat":"repeat","background-position":"center center","background-size":"auto","background-attachment":"scroll","background-type":"","background-media":"","overlay-type":"","overlay-color":"","overlay-opacity":"","overlay-gradient":""},"mobile":{"background-color":"var(--ast-global-color-5)","background-image":"","background-repeat":"repeat","background-position":"center center","background-size":"auto","background-attachment":"scroll","background-type":"","background-media":"","overlay-type":"","overlay-color":"","overlay-opacity":"","overlay-gradient":""}}},"product_cat":[120],"product_tag":[100,36,101,39,99,102],"class_list":{"0":"post-106580","1":"product","2":"type-product","3":"status-publish","4":"has-post-thumbnail","6":"product_cat-ads","7":"product_tag-curso-de-esg","8":"product_tag-esg","9":"product_tag-governanca","10":"product_tag-meio-ambiente","11":"product_tag-pratica","12":"product_tag-social","13":"desktop-align-center","14":"tablet-align-left","15":"mobile-align-left","17":"first","18":"instock","19":"sale","20":"virtual","21":"sold-individually","22":"purchasable","23":"product-type-course"},"acf":[],"yoast_head":"<!-- This site is optimized with the Yoast SEO Premium plugin v22.2 (Yoast SEO v27.3) - https:\/\/yoast.com\/product\/yoast-seo-premium-wordpress\/ -->\n<title>ESG na Pr\u00e1tica - Curso online (EAD) 100% em v\u00eddeo - INBS<\/title>\n<meta name=\"description\" content=\"Curso 100% online e em v\u00eddeo &quot;ESG na Pr\u00e1tica&quot;. Apenas R$ 249,00 e nada mais. Sem mensalidades, com certificado e 1 ano para conclus\u00e3o.\" \/>\n<meta name=\"robots\" content=\"noindex, nofollow\" \/>\n<meta property=\"og:locale\" content=\"pt_BR\" \/>\n<meta property=\"og:type\" content=\"article\" \/>\n<meta property=\"og:title\" content=\"Recupera\u00e7\u00e3o de \u00c1reas Degradadas - Curso online (EAD) - INBS\" \/>\n<meta property=\"og:description\" content=\"Curso 100% online de Recupera\u00e7\u00e3o de \u00c1reas Degradadas. Apenas R$ 99,00 e nada mais. Sem mensalidades, com certificado e 1 ano para conclus\u00e3o.\" \/>\n<meta property=\"og:url\" content=\"https:\/\/inbs.com.br\/cursos\/produto\/esg-na-pratica-lucrando-com-proposito-ads3\/\" \/>\n<meta property=\"og:site_name\" content=\"Cursos online - Instituto Brasileiro de Sustentabilidade\" \/>\n<meta property=\"article:modified_time\" content=\"2024-04-02T14:35:44+00:00\" \/>\n<meta property=\"og:image\" content=\"https:\/\/inbs.com.br\/cursos\/wp-content\/uploads\/2022\/11\/ESG-na-Pratica-Curso-online-Sem-mensalidades-INBS.jpg\" \/>\n\t<meta property=\"og:image:width\" content=\"600\" \/>\n\t<meta property=\"og:image:height\" content=\"450\" \/>\n\t<meta property=\"og:image:type\" content=\"image\/jpeg\" \/>\n<meta name=\"twitter:card\" content=\"summary_large_image\" \/>\n<meta name=\"twitter:title\" content=\"Recupera\u00e7\u00e3o de \u00c1reas Degradadas - Curso online (EAD) - INBS\" \/>\n<meta name=\"twitter:description\" content=\"Curso 100% online de Recupera\u00e7\u00e3o de \u00c1reas Degradadas. Apenas R$ 99,00 e nada mais. Sem mensalidades, com certificado e 1 ano para conclus\u00e3o.\" \/>\n<meta name=\"twitter:label1\" content=\"Est. tempo de leitura\" \/>\n\t<meta name=\"twitter:data1\" content=\"2 minutos\" \/>\n<script type=\"application\/ld+json\" class=\"yoast-schema-graph\">{\"@context\":\"https:\\\/\\\/schema.org\",\"@graph\":[{\"@type\":\"WebPage\",\"@id\":\"https:\\\/\\\/inbs.com.br\\\/cursos\\\/produto\\\/esg-na-pratica-lucrando-com-proposito-ads3\\\/\",\"url\":\"https:\\\/\\\/inbs.com.br\\\/cursos\\\/produto\\\/esg-na-pratica-lucrando-com-proposito-ads3\\\/\",\"name\":\"ESG na Pr\u00e1tica - Curso online (EAD) 100% em v\u00eddeo - INBS\",\"isPartOf\":{\"@id\":\"https:\\\/\\\/inbs.com.br\\\/cursos\\\/#website\"},\"primaryImageOfPage\":{\"@id\":\"https:\\\/\\\/inbs.com.br\\\/cursos\\\/produto\\\/esg-na-pratica-lucrando-com-proposito-ads3\\\/#primaryimage\"},\"image\":{\"@id\":\"https:\\\/\\\/inbs.com.br\\\/cursos\\\/produto\\\/esg-na-pratica-lucrando-com-proposito-ads3\\\/#primaryimage\"},\"thumbnailUrl\":\"https:\\\/\\\/inbs.com.br\\\/cursos\\\/wp-content\\\/uploads\\\/2022\\\/11\\\/ESG-na-Pratica-Curso-online-Sem-mensalidades-INBS.jpg\",\"datePublished\":\"2024-04-02T14:32:39+00:00\",\"dateModified\":\"2024-04-02T14:35:44+00:00\",\"description\":\"Curso 100% online e em v\u00eddeo \\\"ESG na Pr\u00e1tica\\\". Apenas R$ 249,00 e nada mais. Sem mensalidades, com certificado e 1 ano para conclus\u00e3o.\",\"breadcrumb\":{\"@id\":\"https:\\\/\\\/inbs.com.br\\\/cursos\\\/produto\\\/esg-na-pratica-lucrando-com-proposito-ads3\\\/#breadcrumb\"},\"inLanguage\":\"pt-BR\",\"potentialAction\":[{\"@type\":\"ReadAction\",\"target\":[\"https:\\\/\\\/inbs.com.br\\\/cursos\\\/produto\\\/esg-na-pratica-lucrando-com-proposito-ads3\\\/\"]}]},{\"@type\":\"ImageObject\",\"inLanguage\":\"pt-BR\",\"@id\":\"https:\\\/\\\/inbs.com.br\\\/cursos\\\/produto\\\/esg-na-pratica-lucrando-com-proposito-ads3\\\/#primaryimage\",\"url\":\"https:\\\/\\\/inbs.com.br\\\/cursos\\\/wp-content\\\/uploads\\\/2022\\\/11\\\/ESG-na-Pratica-Curso-online-Sem-mensalidades-INBS.jpg\",\"contentUrl\":\"https:\\\/\\\/inbs.com.br\\\/cursos\\\/wp-content\\\/uploads\\\/2022\\\/11\\\/ESG-na-Pratica-Curso-online-Sem-mensalidades-INBS.jpg\",\"width\":600,\"height\":450,\"caption\":\"ESG na Pr\u00e1tica - Curso online - Sem mensalidades - INBS\"},{\"@type\":\"BreadcrumbList\",\"@id\":\"https:\\\/\\\/inbs.com.br\\\/cursos\\\/produto\\\/esg-na-pratica-lucrando-com-proposito-ads3\\\/#breadcrumb\",\"itemListElement\":[{\"@type\":\"ListItem\",\"position\":1,\"name\":\"Principal\",\"item\":\"https:\\\/\\\/inbs.com.br\\\/cursos\\\/\"},{\"@type\":\"ListItem\",\"position\":2,\"name\":\"Produtos\",\"item\":\"https:\\\/\\\/inbs.com.br\\\/cursos\\\/shop\\\/\"},{\"@type\":\"ListItem\",\"position\":3,\"name\":\"ESG na Pr\u00e1tica: Lucrando com Prop\u00f3sito [ads3]\"}]},{\"@type\":\"WebSite\",\"@id\":\"https:\\\/\\\/inbs.com.br\\\/cursos\\\/#website\",\"url\":\"https:\\\/\\\/inbs.com.br\\\/cursos\\\/\",\"name\":\"Cursos online - Instituto Brasileiro de Sustentabilidade\",\"description\":\"Cursos 100% online com certificados digital e impresso.\",\"publisher\":{\"@id\":\"https:\\\/\\\/inbs.com.br\\\/cursos\\\/#organization\"},\"potentialAction\":[{\"@type\":\"SearchAction\",\"target\":{\"@type\":\"EntryPoint\",\"urlTemplate\":\"https:\\\/\\\/inbs.com.br\\\/cursos\\\/?s={search_term_string}\"},\"query-input\":{\"@type\":\"PropertyValueSpecification\",\"valueRequired\":true,\"valueName\":\"search_term_string\"}}],\"inLanguage\":\"pt-BR\"},{\"@type\":\"Organization\",\"@id\":\"https:\\\/\\\/inbs.com.br\\\/cursos\\\/#organization\",\"name\":\"Cursos online - Instituto Brasileiro de Sustentabilidade\",\"url\":\"https:\\\/\\\/inbs.com.br\\\/cursos\\\/\",\"logo\":{\"@type\":\"ImageObject\",\"inLanguage\":\"pt-BR\",\"@id\":\"https:\\\/\\\/inbs.com.br\\\/cursos\\\/#\\\/schema\\\/logo\\\/image\\\/\",\"url\":\"https:\\\/\\\/inbs.com.br\\\/cursos\\\/wp-content\\\/uploads\\\/2022\\\/09\\\/quadrado-redes-sociais-e1664089729701.png\",\"contentUrl\":\"https:\\\/\\\/inbs.com.br\\\/cursos\\\/wp-content\\\/uploads\\\/2022\\\/09\\\/quadrado-redes-sociais-e1664089729701.png\",\"width\":500,\"height\":280,\"caption\":\"Cursos online - Instituto Brasileiro de Sustentabilidade\"},\"image\":{\"@id\":\"https:\\\/\\\/inbs.com.br\\\/cursos\\\/#\\\/schema\\\/logo\\\/image\\\/\"},\"sameAs\":[\"https:\\\/\\\/www.instagram.com\\\/ibsustentabilidade\",\"https:\\\/\\\/www.linkedin.com\\\/company\\\/3366339\",\"https:\\\/\\\/www.youtube.com\\\/channel\\\/UCPz0PwTsRjXQQDbuvbGtokQ\",\"https:\\\/\\\/br.pinterest.com\\\/ibsustentabilidade\"]}]}<\/script>\n<!-- \/ Yoast SEO Premium plugin. -->","yoast_head_json":{"title":"ESG na Pr\u00e1tica - Curso online (EAD) 100% em v\u00eddeo - INBS","description":"Curso 100% online e em v\u00eddeo \"ESG na Pr\u00e1tica\". Apenas R$ 249,00 e nada mais. Sem mensalidades, com certificado e 1 ano para conclus\u00e3o.","robots":{"index":"noindex","follow":"nofollow"},"og_locale":"pt_BR","og_type":"article","og_title":"Recupera\u00e7\u00e3o de \u00c1reas Degradadas - Curso online (EAD) - INBS","og_description":"Curso 100% online de Recupera\u00e7\u00e3o de \u00c1reas Degradadas. Apenas R$ 99,00 e nada mais. Sem mensalidades, com certificado e 1 ano para conclus\u00e3o.","og_url":"https:\/\/inbs.com.br\/cursos\/produto\/esg-na-pratica-lucrando-com-proposito-ads3\/","og_site_name":"Cursos online - Instituto Brasileiro de Sustentabilidade","article_modified_time":"2024-04-02T14:35:44+00:00","og_image":[{"width":600,"height":450,"url":"https:\/\/inbs.com.br\/cursos\/wp-content\/uploads\/2022\/11\/ESG-na-Pratica-Curso-online-Sem-mensalidades-INBS.jpg","type":"image\/jpeg"}],"twitter_card":"summary_large_image","twitter_title":"Recupera\u00e7\u00e3o de \u00c1reas Degradadas - Curso online (EAD) - INBS","twitter_description":"Curso 100% online de Recupera\u00e7\u00e3o de \u00c1reas Degradadas. Apenas R$ 99,00 e nada mais. Sem mensalidades, com certificado e 1 ano para conclus\u00e3o.","twitter_misc":{"Est. tempo de leitura":"2 minutos"},"schema":{"@context":"https:\/\/schema.org","@graph":[{"@type":"WebPage","@id":"https:\/\/inbs.com.br\/cursos\/produto\/esg-na-pratica-lucrando-com-proposito-ads3\/","url":"https:\/\/inbs.com.br\/cursos\/produto\/esg-na-pratica-lucrando-com-proposito-ads3\/","name":"ESG na Pr\u00e1tica - Curso online (EAD) 100% em v\u00eddeo - INBS","isPartOf":{"@id":"https:\/\/inbs.com.br\/cursos\/#website"},"primaryImageOfPage":{"@id":"https:\/\/inbs.com.br\/cursos\/produto\/esg-na-pratica-lucrando-com-proposito-ads3\/#primaryimage"},"image":{"@id":"https:\/\/inbs.com.br\/cursos\/produto\/esg-na-pratica-lucrando-com-proposito-ads3\/#primaryimage"},"thumbnailUrl":"https:\/\/inbs.com.br\/cursos\/wp-content\/uploads\/2022\/11\/ESG-na-Pratica-Curso-online-Sem-mensalidades-INBS.jpg","datePublished":"2024-04-02T14:32:39+00:00","dateModified":"2024-04-02T14:35:44+00:00","description":"Curso 100% online e em v\u00eddeo \"ESG na Pr\u00e1tica\". Apenas R$ 249,00 e nada mais. Sem mensalidades, com certificado e 1 ano para conclus\u00e3o.","breadcrumb":{"@id":"https:\/\/inbs.com.br\/cursos\/produto\/esg-na-pratica-lucrando-com-proposito-ads3\/#breadcrumb"},"inLanguage":"pt-BR","potentialAction":[{"@type":"ReadAction","target":["https:\/\/inbs.com.br\/cursos\/produto\/esg-na-pratica-lucrando-com-proposito-ads3\/"]}]},{"@type":"ImageObject","inLanguage":"pt-BR","@id":"https:\/\/inbs.com.br\/cursos\/produto\/esg-na-pratica-lucrando-com-proposito-ads3\/#primaryimage","url":"https:\/\/inbs.com.br\/cursos\/wp-content\/uploads\/2022\/11\/ESG-na-Pratica-Curso-online-Sem-mensalidades-INBS.jpg","contentUrl":"https:\/\/inbs.com.br\/cursos\/wp-content\/uploads\/2022\/11\/ESG-na-Pratica-Curso-online-Sem-mensalidades-INBS.jpg","width":600,"height":450,"caption":"ESG na Pr\u00e1tica - Curso online - Sem mensalidades - INBS"},{"@type":"BreadcrumbList","@id":"https:\/\/inbs.com.br\/cursos\/produto\/esg-na-pratica-lucrando-com-proposito-ads3\/#breadcrumb","itemListElement":[{"@type":"ListItem","position":1,"name":"Principal","item":"https:\/\/inbs.com.br\/cursos\/"},{"@type":"ListItem","position":2,"name":"Produtos","item":"https:\/\/inbs.com.br\/cursos\/shop\/"},{"@type":"ListItem","position":3,"name":"ESG na Pr\u00e1tica: Lucrando com Prop\u00f3sito [ads3]"}]},{"@type":"WebSite","@id":"https:\/\/inbs.com.br\/cursos\/#website","url":"https:\/\/inbs.com.br\/cursos\/","name":"Cursos online - Instituto Brasileiro de Sustentabilidade","description":"Cursos 100% online com certificados digital e impresso.","publisher":{"@id":"https:\/\/inbs.com.br\/cursos\/#organization"},"potentialAction":[{"@type":"SearchAction","target":{"@type":"EntryPoint","urlTemplate":"https:\/\/inbs.com.br\/cursos\/?s={search_term_string}"},"query-input":{"@type":"PropertyValueSpecification","valueRequired":true,"valueName":"search_term_string"}}],"inLanguage":"pt-BR"},{"@type":"Organization","@id":"https:\/\/inbs.com.br\/cursos\/#organization","name":"Cursos online - Instituto Brasileiro de Sustentabilidade","url":"https:\/\/inbs.com.br\/cursos\/","logo":{"@type":"ImageObject","inLanguage":"pt-BR","@id":"https:\/\/inbs.com.br\/cursos\/#\/schema\/logo\/image\/","url":"https:\/\/inbs.com.br\/cursos\/wp-content\/uploads\/2022\/09\/quadrado-redes-sociais-e1664089729701.png","contentUrl":"https:\/\/inbs.com.br\/cursos\/wp-content\/uploads\/2022\/09\/quadrado-redes-sociais-e1664089729701.png","width":500,"height":280,"caption":"Cursos online - Instituto Brasileiro de Sustentabilidade"},"image":{"@id":"https:\/\/inbs.com.br\/cursos\/#\/schema\/logo\/image\/"},"sameAs":["https:\/\/www.instagram.com\/ibsustentabilidade","https:\/\/www.linkedin.com\/company\/3366339","https:\/\/www.youtube.com\/channel\/UCPz0PwTsRjXQQDbuvbGtokQ","https:\/\/br.pinterest.com\/ibsustentabilidade"]}]}},"_links":{"self":[{"href":"https:\/\/inbs.com.br\/cursos\/wp-json\/wp\/v2\/product\/106580","targetHints":{"allow":["GET"]}}],"collection":[{"href":"https:\/\/inbs.com.br\/cursos\/wp-json\/wp\/v2\/product"}],"about":[{"href":"https:\/\/inbs.com.br\/cursos\/wp-json\/wp\/v2\/types\/product"}],"wp:featuredmedia":[{"embeddable":true,"href":"https:\/\/inbs.com.br\/cursos\/wp-json\/wp\/v2\/media\/104399"}],"wp:attachment":[{"href":"https:\/\/inbs.com.br\/cursos\/wp-json\/wp\/v2\/media?parent=106580"}],"wp:term":[{"taxonomy":"product_cat","embeddable":true,"href":"https:\/\/inbs.com.br\/cursos\/wp-json\/wp\/v2\/product_cat?post=106580"},{"taxonomy":"product_tag","embeddable":true,"href":"https:\/\/inbs.com.br\/cursos\/wp-json\/wp\/v2\/product_tag?post=106580"}],"curies":[{"name":"wp","href":"https:\/\/api.w.org\/{rel}","templated":true}]}}